) = 8*f**2 + 345*f - 3*f**3 + 4*f**3 - 356*f + 6. Determine h(-9).
24
Let u(p) = 2*p - 1. Let a be u(2). Suppose -7*v = -a*v + 24. Let h(z) = -z**2 - 7*z + 4. Determine h(v).
10
Let l = 0 - -3. Suppose 0 = -l*x + 4*o + 32, 4*o - 2*o = -2*x + 40. Suppose -7*y = -3*y + x. Let h(f) = -f - 1. Determine h(y).
3
Let s(j) = j**3 + j. Let q(v) = 5*v**3 - 4*v**2 + 9*v + 6. Let g be 3 + 3 + -3 + -2. Let o = -12 - -6. Let l(z) = g*q(z) + o*s(z). Give l(-4).
-6
Let g(r) = -15*r**2 - r. Let w = 133 - 132. Determine g(w).
-16
Let k = -54 - -50. Let b(w) = -w**3 - 4*w**2 - 2*w - 5. Determine b(k).
3
Let z(k) = 4*k + 16 - 3*k - 5*k - k**2 - 20. Determine z(-4).
-4
Let k(h) = -2*h**2 + 3*h + 5. Let s(r) = -r**2 + r + 2. Let z(y) = -3*k(y) + 5*s(y). Let f be z(5). Let q(t) = -t**2 + t + 2. Determine q(f).
2
Let b be 2 - 3/(-9)*-3. Suppose -4*s + 5*c = -11, 0 - b = 4*s - c. Let p(d) be the second derivative of d**4/4 + d**3/3 + d**2/2 - d. Determine p(s).
2
Let d(o) be the third derivative of 5*o**4/24 - o**3/6 + 5*o**2. Calculate d(1).
4
Let p(o) = -47*o + 23*o + 25*o - 1. What is p(-6)?
-7
Let t(b) = b**3 + 11*b**2 - 5*b - 12. Let q(u) = u**3 + 10*u**2 - 6*u - 12. Let j(n) = 4*q(n) - 3*t(n). Determine j(-8).
-4
Let l(a) = 2*a - 13. Let o(c) = -3*c + 14. Let j(v) = 6*l(v) + 5*o(v). What is j(-6)?
10
Let c = -10 + 5. Let a be 1/(-2) + c/(-2). Suppose -a*x - 3 = x. Let l(w) = 11*w + 1. Determine l(x).
-10
Let s(u) = 3*u**2 - u - 3. Let t(h) = -5*h**2 + h + 4. Let b(w) = 7*s(w) + 4*t(w). Give b(5).
5
Let d(c) = c**3 + 5*c - 1. Let m(y) = -y**3 + y**2 - 4*y + 1. Let q(s) = -2*d(s) - 3*m(s). Suppose -l + 3*l = 6. Calculate q(l).
5
Let d(c) be the third derivative of c**6/60 + c**5/20 + c**4/12 - c**3/6 - c**2. Let t(b) = -b + 2. Let r be t(-3). Suppose 0 = -r*z - 0 - 10. What is d(z)?
-9
Let i(t) = t + 1. Let a(w) be the first derivative of w**3/3 + 3*w**2 + 3*w + 1. Let j(y) = -a(y) + 4*i(y). Calculate j(-2).
1
Let q(d) = d - 12. Let k be q(8). Let g(o) = -o**3 - 3*o**2 + 4*o - 2. Let b be g(k). Let s be (-6)/b*(-2)/(-6). Let j(z) = 4*z**2 - z + 1. Calculate j(s).
4
Let l(w) be the third derivative of -7/24*w**4 - w**2 - 1/30*w**5 - 2/3*w**3 + 0 + 0*w. Determine l(-4).
-8
Let m(j) = -1. Let k = -17 - -12. Let o(d) = 3*d - 2. Let u(s) = k*m(s) + o(s). Let z = -7 + 4. Calculate u(z).
-6
Let f(p) be the third derivative of -p**7/5040 - p**6/240 - 7*p**5/60 + 5*p**2. Let n(m) be the third derivative of f(m). Suppose -1 - 5 = -l. What is n(l)?
-9
Let f = -25 - -28. Suppose -f*p = -2*p. Let q(y) = -y**3 - y + 19. What is q(p)?
19
Let x = 67 - 47. Suppose -20 - x = -5*t. Let g = t - 13. Let l(k) = -k**2 - 4*k + 3. What is l(g)?
-2
Let j(n) = -n + 14. Let i be j(8). Let l(x) = -x**2 + 8*x - 8. Give l(i).
4
Let t(o) = o. Let n be -2 + 3/(-6)*-10. Suppose -s = -1 - n, -4*h - 2*s = -28. Let q(j) = -j**2 + 6*j - 4. Let u be q(h). What is t(u)?
1
Let d(w) = -4 + 6*w**2 + 0*w - w + 0 - 7*w**2. What is d(0)?
-4
Let s = 73 - 70. Let z(w) = w + 3. What is z(s)?
6
Let q(x) be the third derivative of -x**5/120 + x**4/24 + x**3/3 - 2*x**2. Let y(f) be the first derivative of q(f). Determine y(6).
-5
Let j(r) be the second derivative of 1/20*r**5 - 3*r + 0*r**2 + 0 - 1/3*r**3 - 1/4*r**4. Suppose -3*x + 3*v + 9 = -v, v = 3*x - 9. Give j(x).
-6
Let h(w) = -1. Let c(s) = 4*s**2 - 2*s - 9. Let m(p) = c(p) - 6*h(p). Give m(-2).
17
Let a(y) = -y + 12. Let b be a(10). Suppose 0 = -o + b - 4. Let w(r) = -3*r**2 + 2*r. Determine w(o).
-16
Let l(y) = -100 + 192 - 98 + 3*y + y**2. Let z(w) = -w**2 - 2*w - 2. Let v be z(-3). Give l(v).
4
Let o(y) = -4*y - 1. Let q = -52 + 53. Calculate o(q).
-5
Let m = 8 + -5. Let i(v) be the third derivative of -1/3*v**3 + 0*v - 5/24*v**4 + 1/120*v**6 + 1/30*v**5 + m*v**2 + 0. Give i(-3).
4
Let u be 2/11 - 525/(-77). Let r(y) = -2*y + 8. Give r(u).
-6
Let u(w) = -14*w**2 - 11*w - 23. Let x(t) = -5*t**2 - 4*t - 8. Let n(a) = 6*u(a) - 17*x(a). Give n(4).
22
Let n(k) = -k + 16. Let a be n(14). Let g(o) = 3*o**3 - o + o**a + 2*o**2 - 5*o**3 - 5*o**2. Calculate g(-1).
1
Suppose 3*p = -0*p + 15. Let z(y) = 2*y**2 + 3*y + 1. Let g be z(-2). Let q(a) = 2*a + g - 3*a - 6*a + a**2 - p. Determine q(6).
-8
Let j(h) = h**3 + 8*h**2 - 3. Suppose -4*p - 32 = 2*x, 4 - 20 = 2*p - 3*x. Calculate j(p).
-3
Let y(u) = -u**2 + 2. Suppose z + 2*h + 1 + 1 = 0, -4*z + 18 = -5*h. Give y(z).
-2
Let r(n) = -n**3 + 14*n**2 - 12*n - 12. Let h be r(13). Let j(s) = 4 + 2*s - h - 3*s. Give j(3).
0
Let j(l) = -2*l**2 - 4*l - 3. Let a be (-6 - -12)/(2/3). Let i(n) = -n**2 + 8*n + 7. Let s be i(a). Calculate j(s).
-3
Let l(b) = b**3 + 14*b**2 + b + 14. Let g be l(-14). Let o(v) = v + 33. What is o(g)?
33
Let v(q) = q**3 - q**2. Let f be v(1). Let a(l) = 26 + 27 + 30 - 74 - l. Calculate a(f).
9
Let b(j) = -j**3 - j + 4. Let v be b(0). Let q(t) = 2*t - 4 + t + t**3 - 8*t**2 + 0*t. Let k(o) = -o**2. Let p(i) = -4*k(i) + q(i). Give p(v).
8
Let n = 3 - 5. Let l = 2 - -1. Let t(w) = 6*w**2 + 2*w**2 - 6*w**2 + w**l - 1. Determine t(n).
-1
Let q(l) = l**3 + 4*l**2 - 6*l. Let m = 1 - -7. Suppose -m = -5*x - p - 34, 2*x = 2*p - 8. Determine q(x).
5
Let y(g) = -1 + 7*g - 17*g + 11*g + 9. What is y(-6)?
2
Let o(u) = u - 71*u**2 + 1 - 2 + 72*u**2. Calculate o(-2).
1
Let x(f) = f**2 - 2*f - 2. Suppose -8*d = -13*d + 15. What is x(d)?
1
Let v(w) = -11*w**2 - 4*w - 1. Let s(t) = 22*t**2 + 9*t + 2. Let h(x) = -4*s(x) - 9*v(x). Determine h(1).
12
Let g(m) be the first derivative of -m**4/4 - 5*m**3/3 + m**2 + 27. Give g(-5).
-10
Let g(k) be the third derivative of 0 + 2/3*k**3 + 0*k + k**2 - 1/60*k**5 + 1/24*k**4. Let i(m) = m**3 + 6*m**2 + m + 6. Let u be i(-6). What is g(u)?
4
Let n be (-2)/6*3*-5. Let p(q) = 2*q - 2. Let a be p(3). Let b(r) = -2*r - 4 + a + r. Determine b(n).
-5
Let v(j) = j**3 + 4*j**2 - 4. Let x(k) = -2*k**3 - 4*k**2 + k + 5. Let r(c) = 3*v(c) + 2*x(c). Give r(4).
6
Suppose o + 5*i = -3*o - 41, -4*i = 5*o + 40. Let l(t) = 3*t + 3. Calculate l(o).
-9
Let w(h) = -h**2 - 1. Let k = 4 + -2. Suppose -2*s = -s + k. What is w(s)?
-5
Let w(x) be the first derivative of x**6/120 - x**5/20 - x**4/12 + x**3/6 + 4*x**2 + 7. Let q(c) be the second derivative of w(c). Determine q(3).
-5
Suppose -3*x + 7 = -4*k + 3*k, 3*k + 2*x = -21. Let v(p) = p**3 + 6*p**2 - 8*p - 4. What is v(k)?
3
Let r(y) = y**2 + 6*y + 5. Suppose 68*b - 20 = 72*b. Give r(b).
0
Let p(x) = x**2 + 4*x + 1. Let r = 37 - 41. Determine p(r).
1
Let h(g) = -3*g + 8. Let w(t) = -8*t + 24. Let k(d) = -14*h(d) + 5*w(d). Give k(-7).
-6
Let v(l) = -l - 7. Let u(j) = -5*j - 35. Let z(k) = -2*u(k) + 11*v(k). Calculate z(-6).
-1
Let t(r) = 2*r + 40. Let o be t(-20). Let i(k) = k**2 + k + 1. Calculate i(o).
1
Suppose g + 1 = d + 4, 2*g = -4*d + 18. Let v(x) = -3*x**2 + 2*x - 1. Give v(d).
-9
Let n(d) = d**2 - 2*d - 1 + 0*d**2 - 1. What is n(2)?
-2
Suppose 4*q = 3*q + 5. Suppose q*k = -5*d + 30 - 10, 0 = 3*k - 3*d. Let p(n) = -2*n**3 + n**3 - 3*n + 6*n**2 + 0*n. Give p(k).
10
Let w = 0 + 5. Suppose -10 = t - 3*z, 2*z = -w*t - z - 14. Let m(o) = o + 1. Let j(a) = -7*a - 9. Let c(r) = j(r) + 6*m(r). Calculate c(t).
1
Let l(u) = -u**2 + 8*u - 8. Let a be ((-18)/24)/((-1)/8). Calculate l(a).
4
Let v = 4 + -9. Let q(d) be the third derivative of 0 + 1/24*d**4 - 1/3*d**3 + 0*d - d**2. Determine q(v).
-7
Let c(j) be the third derivative of 0 - 1/720*j**6 - 1/60*j**5 + 0*j + 0*j**3 - j**2 + 1/24*j**4. Let k(s) be the second derivative of c(s). What is k(2)?
-4
Let o(v) be the second derivative of v**5/20 - v**4/12 - 5*v**3/6 + 3*v**2/2 + v. Let c = 4 - 11. Let z = 10 + c. What is o(z)?
6
Let i = 0 + -5. Let g(v) = 6*v - 2*v - 4*v - v - 7. Determine g(i).
-2
Let p(q) = -4*q**2 + 16*q + 2 - 6*q + q**3 - 8*q - 1. Give p(2).
-3
Let v be 1 + -2*3/6. Let b(g) be the first derivative of -2 + v*g - 1/2*g**2. Give b(-1).
1
Let u(i) = -i**2 + 5*i + 5. Suppose 19*j - 16*j = 18. What is u(j)?
-1
Let h(z) = z**3 + 3*z**2 - z - 3. Suppose 5*l + 0*x = x + 29, 4*l - 3*x - 21 = 0. Suppose 9*k = l*k - 9. Determine h(k).
0
Suppose 2*h - 5 = 3*z, 0 = z - 6*z - 4*h - 23. Let s(c) be the second derivative of c**5/20 + c**4/4 + c**3/3 + 2*c**2 - c. What is s(z)?
-2
Let u(k) = -2*k**2 + k - 1. Let p(z) = -z**2 + 6*z + 2. Let q(d) = 2*d - 12. Let g be q(9). Let o be p(g). Determin